 + 45. Calculate l(5).
6
Suppose 2*a - 4*a = -12. Let o(z) = 3 + 10*z**2 - 12*z + 19*z - 5*z**2 - z**3. Determine o(a).
9
Let r(f) = -4*f**2 + f + 1. Suppose -4*w + 0*w - 24 = 0. Let h be ((-12)/18)/((-4)/w). Let v be r(h). Let m(p) = -p**2 - 3*p + 2. Calculate m(v).
-2
Let y(g) = -4*g - 1. Let d(t) = -2*t - 1. Let a(b) = -9*d(b) + 4*y(b). Give a(-4).
-3
Let k(q) = -q - 1. Let m(c) = -c - 4. Let n(w) = 3*k(w) - m(w). Suppose -5*y - 15 = -0*y. Give n(y).
7
Let o(u) be the first derivative of -1/6*u**3 + 0*u - 3 + 1/2*u**2 - 1/8*u**4 + 1/30*u**5. Let d(t) be the second derivative of o(t). Determine d(3).
8
Suppose -z + 0*z = 2*v - 4, -20 = -3*v + 2*z. Let h(b) be the third derivative of -1/60*b**5 - b**2 + 0*b - 5/6*b**3 + 1/4*b**4 + 0. What is h(v)?
3
Suppose g = -g - 12. Let z(h) = h + 13. What is z(g)?
7
Suppose 2*v = -v - 15. Let s(d) = -d**3 - 7*d**2 - 5*d + 5. Give s(v).
-20
Let x(g) = -g**2 - 9*g - 1. Let l be (-279)/27 + (-8)/(-6). What is x(l)?
-1
Let v(l) = l**3 - 8. Suppose 0 = -3*g + 5*g. Give v(g).
-8
Let s(i) = -i**2 - 10*i + 2. Let p be s(-10). Let k(h) = 7*h**p + 5 + h**3 - 9*h + 11*h - h**2. Calculate k(-6).
-7
Let k(l) = -l. Let b(w) = 4*w + 7. Let x(m) = -b(m) - 5*k(m). Determine x(0).
-7
Let h(l) = l**2 + 8*l + 5. Let b(p) = -2*p**2 - 22*p - 8. Let j be b(-11). Give h(j).
5
Suppose 0 = b + 2*b - 2*j + 14, 18 = -5*b - 2*j. Suppose 4*g - 17 = 5*r, 0 = -3*r - 3. Let c(u) = -u**3 + 4*u - 3*u - 5*u**2 - g*u. What is c(b)?
-8
Let y(w) = -3*w - 1. Let z = 4 + -1. What is y(z)?
-10
Let q(d) be the second derivative of -7*d**3/6 - 2*d - 1. Give q(-1).
7
Let o(d) = -d**3 + 16*d**2 + 15*d + 30. Let s be o(17). Let h(p) = p**2 + 2*p - 4. Give h(s).
4
Let a(f) = f**2 + 3. Let p = -50 - -50. Determine a(p).
3
Let d(i) = -3*i - 9. Let x(k) be the first derivative of k**2 + 6*k - 3. Let f be 1/(1/(-2)) - 3. Let u(p) = f*d(p) - 7*x(p). Determine u(5).
8
Let d(m) = -m**2 + m + 5. Let q(i) = -i**3 - 11*i**2 - 4*i - 38. Let u be q(-11). Determine d(u).
-25
Let s(r) be the second derivative of 1/2*r**2 + 0 - 1/3*r**3 - 2*r. Calculate s(-3).
7
Let k(h) = -h**3 + 4*h**2 - 3*h + 1. Let n(c) = -3*c - 4. Let d be n(-4). Suppose 0 = -4*v + d. Give k(v).
3
Let h(l) = -4*l - 1. Let t(y) = 3*y + 1. Let a(p) = -6*h(p) - 7*t(p). Determine a(1).
2
Suppose 5*n = -20, -z = 4*n + n + 4. Let j = 44 - z. Suppose -t - t = -g + 10, 4*g - 4*t = j. Let y(l) = -l**2 + 5*l - 2. Give y(g).
2
Let p(f) = -1 + 2*f + 9*f**2 + 0 + 0. Let z(x) = 3*x - 14. Let c be z(5). Determine p(c).
10
Let a(b) = -3580*b**2 - 10*b + 5 - b**3 + 2*b + 3588*b**2. Determine a(7).
-2
Let m(v) = v**2 + 4*v - 2. Let l be m(-5). Suppose 0*g - g = l. Let b = g - 1. Let w(x) = -3*x - 4. Determine w(b).
8
Let x(w) = 2*w + 3. Let h(i) = i**2 + 5*i + 1. Let c(y) = 4*y + 1. Let f(u) = -4*c(u) + 3*h(u). Let p be f(2). Suppose -3*g + p + 0 = 0. Calculate x(g).
9
Let h(p) be the first derivative of p**2/2 - 3*p - 8. What is h(4)?
1
Let g(w) = 28*w + 13. Let j(i) = 7*i + 3. Let d(f) = 2*g(f) - 9*j(f). Determine d(-1).
6
Let o(a) = -a + 8. Let i(s) = -2*s + 17. Let r(j) = -4*i(j) + 9*o(j). Let h be 5/1 + 70/(-14). Give r(h).
4
Let d be 4/(16/3)*4. Let g(a) = 1 - a - 4 + 5 + a**2 + a**d. What is g(-2)?
0
Let k(p) be the first derivative of -3*p**4/2 - p**3/3 + p**2 - p - 6. Calculate k(1).
-6
Let k = 6 - 10. Let p = k + 7. Let c(r) be the second derivative of -r**5/20 + r**4/6 + r**3/3 + r**2 - 3*r. Calculate c(p).
-1
Let b(t) be the second derivative of -t**7/840 + t**6/360 - t**5/120 + t**3/6 - 4*t. Let a(d) be the second derivative of b(d). Determine a(1).
-1
Let j(k) = k**3 + 7*k**2 - 7*k + 7. Let c(z) = -z + 1. Let o be c(6). Let a(x) = 3*x + 7. Let f be a(o). Let v be j(f). Let r(q) = 7*q. Determine r(v).
-7
Let p(x) be the second derivative of -x**4/6 - x**3/6 + 9*x**2/2 - 7*x. Let c(n) be the first derivative of p(n). Determine c(-1).
3
Let l = 17 + -10. Let u = l + -12. Let h(x) = x - 1. Calculate h(u).
-6
Let v(s) be the second derivative of s**4/12 - s**3/2 + s**2/2 - 27*s. Calculate v(3).
1
Suppose -6*f + 11*f - 10 = 0. Let g(t) = 4*t**f + t**3 - 7 + 2*t - 9*t + 2*t**3 - 2*t**3. Give g(-5).
3
Suppose 3*h = -2*h - 30. Let f(b) = b + 13. Give f(h).
7
Let a(h) = -2*h + 1. Let t(g) = -28*g + 12*g + 4 + 15*g. Let s be 32/6 + 2/(-6). Let m be t(s). Give a(m).
3
Let i(g) be the second derivative of -5*g**3/6 + 3*g**2/2 + 9*g. Determine i(4).
-17
Let q(k) = 2*k - 7. Let t(n) = -n - 2. Suppose 4*m - 8 = 5*m. Let r be t(m). Calculate q(r).
5
Let i = 6 + -3. Let h(p) = -1 - 4*p - i + 5. Let a(w) = -w**3 - 3*w**2 - 3*w. Let f be a(-2). Give h(f).
-7
Let q(f) = -3*f + 2 + 2*f + 1. Let b be (-6)/2 - 42/(-7). What is q(b)?
0
Let c(k) = 3*k + 3. Let q(x) = -1 + 2*x - x + 2. Let w(g) = -c(g) + 2*q(g). Suppose 0 = -3*s - s. Calculate w(s).
-1
Let r(o) = o - 1 + 0 + 0*o - 6. Determine r(5).
-2
Let a(w) = -w**2 + w - 3. Let v(m) = 2*m**2 - m + 4. Let y(l) = 3*a(l) + 2*v(l). Let s(d) = -d - 8. Let o be s(-10). Determine y(o).
5
Let j be (-35)/(-11) + (-4)/22. Let f(a) = a**3 - 2*a**2 - 4*a. Give f(j).
-3
Let t(v) = v + 2. Let a be t(-2). Let d = a + 1. Let p(o) = -2*o - o + 4*o + d + 0. What is p(0)?
1
Suppose -5*k = -k + 12. Let m(v) = -v**3 - 3*v**2 - v - 4. Calculate m(k).
-1
Let r(v) be the third derivative of -v**6/120 + v**5/30 + v**4/12 + v**3/2 + 3*v**2. Let p(j) = -2*j + 11. Let a be p(8). Let l = 8 + a. Give r(l).
0
Let s(x) = -x**2 + 6*x - 1. Suppose t + 11 = 5*c, 5*c + 4*t = 35 - 4. Determine s(c).
8
Let s(x) = x - 5. Let j(p) = p**3 - 6*p**2 - 6*p - 3. Let v be j(7). Give s(v).
-1
Let o = 2 + 0. Let m(l) = -2 - l**o - 2 + l + l**3 + 2 + 1. Let s be m(1). Let v(h) = -h**2 - h + 4. Calculate v(s).
4
Let y(g) = -g**2 - 3*g + 4. Let k(j) be the second derivative of j**2/2 - j. Let m(w) = 5*k(w) - y(w). Give m(-3).
1
Let g(o) be the second derivative of o**4/12 + o**3/2 + o**2 - 23*o - 1. Let u(y) = -4*y**3 - 2*y**2 + y. Let z be u(1). What is g(z)?
12
Let f(n) = -2*n**3 + 13*n**2 + 4*n - 11. Let a(p) = p**3 - 7*p**2 - 2*p + 6. Let d(w) = 11*a(w) + 6*f(w). Suppose t + 12 = 7*t. Determine d(t).
0
Let g(k) = -k**3 - k**2 + 2*k - 5. Let q(t) = -t + 1. Let c(z) = g(z) + 2*q(z). What is c(0)?
-3
Let d(r) = r**3 + 5*r**2 + 2*r - 4. Let w = 27 - 32. Determine d(w).
-14
Let p(m) = 7*m - 4. Let f(w) = 4*w - 2. Let d(u) = 5*f(u) - 3*p(u). Give d(3).
-1
Let f(r) = -11*r - 90. Let b be f(-8). Let i(y) = 2*y**2 + 2*y. What is i(b)?
4
Let v(n) = n**3 + 6*n**2 - 9*n - 6. Suppose 4*d + 55 = -2*z - 3*z, 10 = -2*d. What is v(z)?
8
Let l(r) be the second derivative of 1/2*r**4 - r + 0*r**2 - 1/6*r**3 + 0. What is l(1)?
5
Let q be (-2 - 0) + 0 + 1. Let j = 6 + q. Suppose 0*s - 4*u - 2 = 2*s, 3*u + j = -5*s. Let x(y) = -y**2 + y + 1. Determine x(s).
-1
Suppose -14 = 3*d + 5*c, 2*c + c + 6 = -3*d. Suppose 2*s + d*j = -j - 17, 4*s = -j - 19. Let m(a) = a + 3. What is m(s)?
-1
Let h = -4 - -4. Suppose 5*x - p = 6, h = 3*x - 4*x - 3*p - 2. Let s(g) = 10*g**2 + 1. Calculate s(x).
11
Let o(i) be the first derivative of -i**2 + i + 6. What is o(3)?
-5
Let q(a) = 6*a**2 + a - 1. Let w(j) = j. Let b(z) = -q(z) + w(z). Let o(s) = s**3 - 5*s**2 + 1. Let g be o(5). Calculate b(g).
-5
Let y(w) = w**3 - w - 5. Let f be y(0). Let c(l) = 3*l**3 - 15*l**2 - 11*l - 19. Let v(s) = -s**3 + 7*s**2 + 5*s + 9. Let a(d) = -2*c(d) - 5*v(d). Give a(f).
8
Let l(f) be the second derivative of 2*f + 0*f**2 - 1/2*f**3 + 0 + 0*f**4 - 1/60*f**5. Let u(m) be the second derivative of l(m). Determine u(4).
-8
Suppose -8 = -3*y - 5. Let f(s) = 9*s - 3 - 1 + 3. Calculate f(y).
8
Let f(j) = -2*j + 3. Let k(z) = z - 1. Suppose 5*q - 4*c = 13, -q + 2*c + 2*c + 9 = 0. Let x(i) = q*k(i) + f(i). Let r = 1 + 1. Give x(r).
0
Let g(c) = 2*c**2 - 2. Suppose -5*i - 9 - 1 = 0. Determine g(i).
6
Suppose 2 - 10 = -2*q. Suppose -5*a - q*o = 1, 0 = -5*a - 2*o - o + 3. Let l(b) = 2*b - 1. What is l(a)?
5
Let i(c) = -119 + 59 + c**2 - 5*c + 61. Suppose 4*z = -d + 9, -2*z - 5*d - 24 = -5*z. Determine i(z).
-5
Suppose 0 = 4*k + k. Let o(l) = k - 4*l + l**2 - 3 + l**2 + 2. What is o(3)?
5
Let i be -2*2/(-3)*3. Suppose 3*q + q = -i. Let j = 0 - q. Let g(x) = -x**2 - 2*x + 1. Calculate g(j).
-2
Suppose -2*x + 0*x = -16. Let a be (-1)/(-2) - 36/x. Let h(p) = -2*p - 5. What is h(a)?
3
L